{"id":323,"date":"2018-12-14T13:44:17","date_gmt":"2018-12-14T12:44:17","guid":{"rendered":"http:\/\/yvelines-neurofeedback.fr\/?page_id=323"},"modified":"2018-12-15T21:38:07","modified_gmt":"2018-12-15T20:38:07","slug":"deontologie","status":"publish","type":"page","link":"https:\/\/yvelines-neurofeedback.fr\/index.php\/le-neurofeedback\/deontologie\/","title":{"rendered":"D\u00c9ONTOLOGIE"},"content":{"rendered":"\n<div class=\"wp-block-image\"><figure class=\"aligncenter is-resized\"><img loading=\"lazy\" decoding=\"async\" src=\"https:\/\/yvelines-neurofeedback.fr\/wp-content\/uploads\/2018\/12\/Zengar.png\" alt=\"\" class=\"wp-image-333\" width=\"372\" height=\"74\" srcset=\"https:\/\/yvelines-neurofeedback.fr\/wp-content\/uploads\/2018\/12\/Zengar.png 700w, https:\/\/yvelines-neurofeedback.fr\/wp-content\/uploads\/2018\/12\/Zengar-300x60.png 300w\" sizes=\"(max-width: 372px) 100vw, 372px\" \/><\/figure><\/div>\n\n\n\n<p>&nbsp;<\/p>\n\n\n\n<p><em>Pr\u00e9ambule:<\/em><em><br><\/em>Le neurofeedback dynamique (m\u00e9thode NeurOptimal\u00ae) est un entrainement qui a pour finalit\u00e9 de contribuer \u00e0 l&rsquo;optimisation du fonctionnement c\u00e9r\u00e9bral propre \u00e0 chaque personne. Cet entra\u00eenement, est ind\u00e9pendant de tout diagnostic et n&rsquo;est pas un traitement m\u00e9dical.&nbsp;<\/p>\n\n\n\n<p> <br><em>ART 1. Exercice du neurofeedback dynamique<\/em>:<\/p>\n\n\n\n<p>Le praticien exerce sa pratique \u00e0 partir d&rsquo;une formation certifi\u00e9e par l&rsquo;Institut Zengar et de son exp\u00e9rience, dans le respect du protocole correspondant au syst\u00e8me NeurOptimal\u00ae. &nbsp;<br>Il s&rsquo;engage \u00e0 maintenir ses connaissances \u00e0 jour par tous moyens appropri\u00e9s.<br><br><em>ART 2. Relation de confiance&nbsp;<\/em><\/p>\n\n\n\n<p>Le praticien met tout en \u0153uvre pour \u00e9tablir une relation de confiance avec son client. Il n&rsquo;\u00e9tablit pas de diagnostic et ne prescrit pas un nombre pr\u00e9cis de s\u00e9ances, chaque cerveau ayant sa plasticit\u00e9 propre. Il prend connaissance des \u00e9l\u00e9ments que son client veut bien lui communiquer et les traduit en termes d&rsquo;intentions. Il veille \u00e0 faire preuve d&rsquo;une parfaite probit\u00e9 et s&rsquo;engage \u00e0 faire r\u00e9guli\u00e8rement le point sur les changements ressentis par la personne (et\/ou son entourage).<br><br><em>ART 3. Respect des personnes&nbsp;<\/em><\/p>\n\n\n\n<p>Chaque praticien exerce sa profession dans le respect des droits fondamentaux de la personne tels qu&rsquo;ils sont inscrits dans la \u00ab\u00a0D\u00e9claration Universelle des Droits de l&rsquo;Homme\u00a0\u00bb. Il respecte son client dans son identit\u00e9, sa dignit\u00e9, sa libert\u00e9, ses convictions et valeurs morales et religieuses et s&rsquo;interdit tout pros\u00e9lytisme.<\/p>\n\n\n\n<p><br><em>ART 4. Confidentialit\u00e9&nbsp;<\/em><\/p>\n\n\n\n<p>Selon les termes de la loi, chaque praticien s&rsquo;engage \u00e0 respecter les r\u00e8gles du secret professionnel garantissant la stricte confidentialit\u00e9 des informations qui concernent le client et son entourage.<br><br><em>ART 5. Demande de s\u00e9ances&nbsp;<\/em><\/p>\n\n\n\n<p>Toute demande de s\u00e9ance de Neurofeedback rel\u00e8ve de la responsabilit\u00e9 du client ou de son responsable l\u00e9gal. Il en est de m\u00eame pour la d\u00e9cision de mettre fin aux s\u00e9ances.&nbsp;<br>&nbsp;<br><em>ART 6. Prise en charge&nbsp;<\/em><\/p>\n\n\n\n<p>Avant de d\u00e9buter les s\u00e9ances, le praticien pr\u00e9sente la m\u00e9thode Neuroptimal\u00ae et pr\u00e9cise au client ses tarifs et les modalit\u00e9s de d\u00e9roulement des s\u00e9ances. Ses tarifs sont affich\u00e9s dans son bureau.<br><br><em>ART 7. Refus de prise en charge&nbsp;<\/em><\/p>\n\n\n\n<p>Le praticien peut refuser une prise en charge ou y mettre fin s&rsquo;il estime que certains facteurs pourraient risquer d&rsquo;entraver le bon d\u00e9roulement des s\u00e9ances ou de compromettre leur efficacit\u00e9.&nbsp;<br><br><em>ART 8. Lieu de pratique&nbsp;<\/em><\/p>\n\n\n\n<p>Le praticien exerce son activit\u00e9 dans un endroit adapt\u00e9 \u00e0 la pratique du Neurofeedback, respectant les normes de s\u00e9curit\u00e9, d&rsquo;hygi\u00e8ne ainsi que la confidentialit\u00e9 lorsque les s\u00e9ances se d\u00e9roulent \u00e0 domicile.<br>&nbsp;<br><em>ART 9. Supervision \u00e9tablie&nbsp;<\/em><\/p>\n\n\n\n<p>Le praticien en Neurofeedback dispose d&rsquo;un lieu de supervision ou de co-vision aupr\u00e8s de personnes disposant de l&rsquo;exp\u00e9rience et des certifications ad hoc d\u00e9livr\u00e9es par l&rsquo;institut Zengar.<br><br><em>ART 10. D\u00e9veloppement du Neurofeedback&nbsp;<\/em><\/p>\n\n\n\n<p>Les praticiens, dans le cadre de leurs relations ext\u00e9rieures, participent \u00e0 la communication et au d\u00e9veloppement du Neurofeedback par leurs propos, leur comportement ou leur pratique. Ils s&rsquo;engagent \u00e0 communiquer et \u00e0 partager toute information pouvant servir au d\u00e9veloppement du Neurofeedback et \u00e0 l&rsquo;am\u00e9lioration de sa pratique.<\/p>\n\n\n\n<p>\u00a0 <br><\/p>\n\n\n\n<div class=\"wp-block-button alignright is-style-outline\"><a class=\"wp-block-button__link has-text-color has-pale-pink-color has-background has-very-light-gray-background-color\" href=\"https:\/\/yvelines-neurofeedback.fr\/index.php\/le-deroulement-des-seances\/deroulement-d-une-seance\/\">D\u00c9ROULEMENT D&rsquo;UNE S\u00c9ANCE<br><\/a><\/div>\n","protected":false},"excerpt":{"rendered":"<p>&nbsp; Pr\u00e9ambule:Le neurofeedback dynamique (m\u00e9thode NeurOptimal\u00ae) est un entrainement qui a pour finalit\u00e9 de contribuer \u00e0 l&rsquo;optimisation du fonctionnement c\u00e9r\u00e9bral propre \u00e0&hellip;<\/p>\n","protected":false},"author":1,"featured_media":0,"parent":193,"menu_order":5,"comment_status":"closed","ping_status":"closed","template":"","meta":{"footnotes":""},"_links":{"self":[{"href":"https:\/\/yvelines-neurofeedback.fr\/index.php\/wp-json\/wp\/v2\/pages\/323"}],"collection":[{"href":"https:\/\/yvelines-neurofeedback.fr\/index.php\/wp-json\/wp\/v2\/pages"}],"about":[{"href":"https:\/\/yvelines-neurofeedback.fr\/index.php\/wp-json\/wp\/v2\/types\/page"}],"author":[{"embeddable":true,"href":"https:\/\/yvelines-neurofeedback.fr\/index.php\/wp-json\/wp\/v2\/users\/1"}],"replies":[{"embeddable":true,"href":"https:\/\/yvelines-neurofeedback.fr\/index.php\/wp-json\/wp\/v2\/comments?post=323"}],"version-history":[{"count":7,"href":"https:\/\/yvelines-neurofeedback.fr\/index.php\/wp-json\/wp\/v2\/pages\/323\/revisions"}],"predecessor-version":[{"id":516,"href":"https:\/\/yvelines-neurofeedback.fr\/index.php\/wp-json\/wp\/v2\/pages\/323\/revisions\/516"}],"up":[{"embeddable":true,"href":"https:\/\/yvelines-neurofeedback.fr\/index.php\/wp-json\/wp\/v2\/pages\/193"}],"wp:attachment":[{"href":"https:\/\/yvelines-neurofeedback.fr\/index.php\/wp-json\/wp\/v2\/media?parent=323"}],"curies":[{"name":"wp","href":"https:\/\/api.w.org\/{rel}","templated":true}]}}