{"id":278,"date":"2018-12-14T10:07:49","date_gmt":"2018-12-14T09:07:49","guid":{"rendered":"http:\/\/yvelines-neurofeedback.fr\/?page_id=278"},"modified":"2025-12-05T10:55:40","modified_gmt":"2025-12-05T09:55:40","slug":"les-tarifs","status":"publish","type":"page","link":"https:\/\/yvelines-neurofeedback.fr\/index.php\/le-deroulement-des-seances\/les-tarifs\/","title":{"rendered":"TARIFS"},"content":{"rendered":"<div class=\"wp-block-image\">\n<figure class=\"aligncenter is-resized\"><img loading=\"lazy\" decoding=\"async\" width=\"225\" height=\"225\" src=\"https:\/\/yvelines-neurofeedback.fr\/wp-content\/uploads\/2018\/12\/\u20ac.jpg\" alt=\"\" class=\"wp-image-271\" style=\"width:172px;height:172px\" srcset=\"https:\/\/yvelines-neurofeedback.fr\/wp-content\/uploads\/2018\/12\/\u20ac.jpg 225w, https:\/\/yvelines-neurofeedback.fr\/wp-content\/uploads\/2018\/12\/\u20ac-150x150.jpg 150w\" sizes=\"(max-width: 225px) 100vw, 225px\" \/><\/figure><\/div>\n\n\n<p>&nbsp; <br><\/p>\n\n\n\n<p>Pour la premi\u00e8re s\u00e9ance, il faut compter 1h30 environ. Ce temps est n\u00e9cessaire afin de:<\/p>\n\n\n\n<ul>\n<li>Faire connaissance et d\u00e9terminer vos objectifs ; <\/li>\n\n\n\n<li>Vous exposer les principes du neurofeedback et les sp\u00e9cificit\u00e9s de Neuroptimal\u00ae afin de comprendre ce qu\u2019il se passe lors des s\u00e9ances ;<\/li>\n\n\n\n<li>R\u00e9pondre \u00e0 vos questions ;<\/li>\n\n\n\n<li>Effectuer votre premi\u00e8re s\u00e9ance de 33 minutes. <\/li>\n<\/ul>\n\n\n\n<p><strong>Une premi\u00e8re s\u00e9ance au cabinet : 80\u20ac<\/strong><\/p>\n\n\n\n<hr class=\"wp-block-separator has-css-opacity\"\/>\n\n\n\n<p>Une s\u00e9ance dure en moyenne 50 minutes, comprenant 33 minutes d\u2019entrainement effectif, ce qui correspond \u00e0 la dur\u00e9e optimale d\u2019entra\u00eenement du cerveau avec Neuroptimal\u00ae.<\/p>\n\n\n\n<p><strong>Une s\u00e9ance au cabinet : 70\u20ac<\/strong><\/p>\n\n\n\n<hr class=\"wp-block-separator has-css-opacity is-style-default\"\/>\n\n\n\n<p>Dans certains cas, je me d\u00e9place \u00e0 votre convenance (votre domicile, votre lieu de travail, en maisons sp\u00e9cialis\u00e9es) :<\/p>\n\n\n\n<ul>\n<li>La premi\u00e8re s\u00e9ance : 90\u20ac<\/li>\n\n\n\n<li>Une s\u00e9ance normale : 80\u20ac<br><\/li>\n<\/ul>\n\n\n\n<hr class=\"wp-block-separator has-css-opacity\"\/>\n\n\n\n<p>Les s\u00e9ances ne sont pas rembours\u00e9es par la s\u00e9curit\u00e9 sociale, mais certaines mutuelles et assurances les prennent en charge, comme : Mutuelle g\u00e9n\u00e9rale, Cr\u00e9dit mutuel, SwissLife, Agrica,  Maison d\u00e9partementale des personnes handicap\u00e9es (MDPH).<\/p>\n\n\n\n<p><\/p>\n\n\n\n<p><\/p>\n\n\n\n<p><strong>Moyens de paiements accept\u00e9s : Ch\u00e8ques, virements, esp\u00e8ces.<\/strong><\/p>\n\n\n\n<p><strong>Toute s\u00e9ance non annul\u00e9e 24H avant le rendez-vous sera due dans sa totalit\u00e9<\/strong>.<\/p>\n\n\n\n<div class=\"wp-block-button is-style-outline alignright\"><a class=\"wp-block-button__link has-pale-pink-color has-very-light-gray-background-color has-text-color has-background wp-element-button\" href=\"https:\/\/yvelines-neurofeedback.fr\/index.php\/le-deroulement-des-seances\/la-duree\/\">DUR\u00c9E<\/a><\/div>\n","protected":false},"excerpt":{"rendered":"<p>&nbsp; Pour la premi\u00e8re s\u00e9ance, il faut compter 1h30 environ. Ce temps est n\u00e9cessaire afin de: Une premi\u00e8re s\u00e9ance au cabinet :&hellip;<\/p>\n","protected":false},"author":1,"featured_media":0,"parent":192,"menu_order":2,"comment_status":"closed","ping_status":"closed","template":"","meta":{"footnotes":""},"_links":{"self":[{"href":"https:\/\/yvelines-neurofeedback.fr\/index.php\/wp-json\/wp\/v2\/pages\/278"}],"collection":[{"href":"https:\/\/yvelines-neurofeedback.fr\/index.php\/wp-json\/wp\/v2\/pages"}],"about":[{"href":"https:\/\/yvelines-neurofeedback.fr\/index.php\/wp-json\/wp\/v2\/types\/page"}],"author":[{"embeddable":true,"href":"https:\/\/yvelines-neurofeedback.fr\/index.php\/wp-json\/wp\/v2\/users\/1"}],"replies":[{"embeddable":true,"href":"https:\/\/yvelines-neurofeedback.fr\/index.php\/wp-json\/wp\/v2\/comments?post=278"}],"version-history":[{"count":22,"href":"https:\/\/yvelines-neurofeedback.fr\/index.php\/wp-json\/wp\/v2\/pages\/278\/revisions"}],"predecessor-version":[{"id":766,"href":"https:\/\/yvelines-neurofeedback.fr\/index.php\/wp-json\/wp\/v2\/pages\/278\/revisions\/766"}],"up":[{"embeddable":true,"href":"https:\/\/yvelines-neurofeedback.fr\/index.php\/wp-json\/wp\/v2\/pages\/192"}],"wp:attachment":[{"href":"https:\/\/yvelines-neurofeedback.fr\/index.php\/wp-json\/wp\/v2\/media?parent=278"}],"curies":[{"name":"wp","href":"https:\/\/api.w.org\/{rel}","templated":true}]}}